uppose -r - 10 = 5*u - 6*r, -r = -4*u - 17. Is 2334 - (u + 24/4) composite?
False
Let f = 407 + -278. Is f a prime number?
False
Let x(z) = 419*z**3 - z**2 - 2*z - 1. Let p be x(-1). Let k = 670 + p. Let c = k + 195. Is c prime?
False
Is -1*(-2*125 + -33 + 32) a prime number?
True
Let i(w) = 4*w**3 + 5*w**2 - 13. Let u be i(-3). Let b = 7 - u. Is b composite?
False
Is 5/(-3) + 17332/6 composite?
False
Suppose -u - 58159 = -2*a, 5*a + 28*u - 30*u = 145399. Is a prime?
False
Suppose 0*m + 27 = -3*m. Let p = -7 - m. Suppose -282 - 40 = -p*o. Is o a prime number?
False
Suppose -110704 = -5*z + 3*g + 170169, -224692 = -4*z + 4*g. Is z a composite number?
True
Suppose -3*i - 27 + 36 = 0. Suppose 0 = 4*k - i*w + 7*w, 4*k + 2*w = 4. Suppose -6*o + 2868 = -k*o. Is o a prime number?
False
Let t(a) be the third derivative of 0 + 0*a - 1/24*a**4 - 1/120*a**6 + 1/3*a**3 + 1/20*a**5 - a**2. Is t(-3) prime?
True
Suppose -2*v + 6*v + 200 = -4*u, 4*u - 3*v = -200. Let g = 95 - u. Is g prime?
False
Let z be (3 - 20/6) + 16/3. Suppose -z*n - 465 = -5*d, 14 = -3*n + 2. Is d a composite number?
False
Let h = 237 - 244. Let c(k) = -3 + 4 - 3 + 8*k**2 + 9*k. Is c(h) a prime number?
False
Is 1678*5/10*1 a prime number?
True
Suppose -7*d = -17340 - 4143. Let x = d + -1670. Is x a prime number?
True
Let v = 12 + 25. Suppose -p + 0*o = -4*o - 51, 2*p - v = -5*o. Is p a composite number?
False
Let j(o) = 14*o**2 + 4*o - 3. Let h be j(2). Suppose -4*t - 136 = -4*q, h + 74 = 4*q - 3*t. Suppose 4*f - 71 = q. Is f prime?
False
Let t(b) = -14*b**3 - b**2 + 1. Suppose -3*y = -1 - 5. Let r be y/(-1)*4/8. Is t(r) a composite number?
True
Let g(q) = -q**2 + 9*q + 1. Let v be g(9). Let w be (-4 + 5)*(v + -20). Let m = w - -96. Is m a composite number?
True
Let g = 3271 - -8952. Is g a composite number?
True
Let o(g) = -g**2 - 10*g - 8. Let q be o(-10). Is (-4)/22 + ((-133301)/(-77) - q) composite?
True
Let b = 161 - -384. Suppose -1781 + b = 2*c. Let t = -301 - c. Is t composite?
False
Let t = -1485 + 2949. Suppose t = -j + 5*j. Let g = -155 + j. Is g a prime number?
True
Let y be (-8)/12 - 160/(-24). Is y/45 + (-68366)/(-30) prime?
False
Suppose -6*j + 104281 - 25543 = 0. Is j a composite number?
True
Let u(f) = f - 12. Let s = 0 + 0. Let p be u(s). Is (-176)/(-2) - (14 + p) a composite number?
True
Let z(x) = 4*x**2 - 1. Let w be z(1). Suppose w*y - t - 3409 = 0, 0 = 3*t - 5 - 1. Is y a composite number?
True
Let u = 196 + -84. Let z be (-1)/(-5 + 2)*6. Suppose -46 = -z*p + u. Is p prime?
True
Let x be (-327)/(-2)*(-12)/(-3). Suppose 209 = -5*a + x. Is a a prime number?
True
Suppose -q + 13*i = 12*i - 39970, -5*q + 199805 = 4*i. Is q a composite number?
True
Let l(c) = 86*c + 21. Let b be l(-7). Let p = 240 - b. Is p a prime number?
True
Is 59/(-531) - 27776/(-18) a composite number?
False
Let y(j) = -j**2 + 10*j + 10. Let a be y(11). Let i(w) = -350*w + 2. Let t be i(a). Suppose -u = -q - 0*q + t, 0 = -4*q - 3*u + 1429. Is q a composite number?
True
Let v = 40651 + -23323. Is 3/7 + v/42 composite?
True
Suppose -2*f + 16 = 2*f. Suppose 0 = -f*p + 103 + 117. Is p composite?
True
Let a(s) = -62*s + 9. Let l be a(-6). Suppose -58 = -n + 5*x + l, -2*n - x + 834 = 0. Is n prime?
True
Let p(k) = -k**3 + 4*k**2 + 2*k + 4. Let y be p(5). Let n(b) = -2*b**3 - 14*b**2 - 7*b - 6. Is n(y) a prime number?
True
Suppose 0*b + 4*b - 8 = 0. Suppose -5*g - 5726 = -b*n, 4*n - 3*g - 14900 = -3448. Is n a prime number?
False
Let j(f) = 6*f**3 - 5*f**2 - 5*f - 7. Suppose -3*u + 6*u = 24. Is j(u) composite?
True
Suppose -p = 2*p - 3, 5*p + 43 = 3*v. Let a = v - 57. Let r = 12 - a. Is r prime?
True
Suppose -2*o + 16341 = -3221. Is o a composite number?
False
Let y(l) = 57*l - 4. Let b = 22 + -27. Let u be y(b). Is 2*(2 + u/(-2)) composite?
False
Is 19/38 - (-22719)/6 a prime number?
False
Let n be 0/(3 - 6) - 0. Suppose -4*r + 5*r = n. Is r + 1 + (5 - -61) composite?
False
Let j(n) = 470*n + 79. Is j(6) a prime number?
False
Let h(a) = 7*a - 1. Let g(r) = -6*r. Let y(t) = -4*g(t) - 3*h(t). Let p be y(1). Suppose p*v + 495 = 2301. Is v a prime number?
False
Let a(n) = 3153*n - 61. Is a(10) composite?
False
Suppose -45 = 5*m + 170. Let u = m - -98. Let t = u - 32. Is t a prime number?
True
Suppose 0 = -20*d + 163148 - 20448. Is d a composite number?
True
Let q be 2*(-3 + 11/2). Let g(s) be the third derivative of s**5/10 + 5*s**4/24 + s**3/3 - 3*s**2. Is g(q) a composite number?
True
Let v(b) = b**2 - 3*b + 1. Let a be v(0). Suppose -2*z + 1004 = 2*t, -2*t + a = -3*t. Is z composite?
False
Let d(k) = 2*k + 1 - k + 22*k**3 - 461*k**3. Suppose x + 3 = -2*x. Is d(x) prime?
True
Let f(m) = -m**3 + 15*m**2 - 5*m - 8. Let v be f(7). Let l = 296 - 58. Let j = v - l. Is j a prime number?
False
Let f = -1 - -4. Let r(h) = 10*h**3 + 61*h**2 - 8*h**3 - 4*h - 64*h**2. Is r(f) prime?
False
Let c(g) = 71*g**2 + 5*g - 7. Let t be c(2). Suppose -4*m - 3*i + 391 = 0, 0 = -3*m + 7*i - 3*i + t. Is m a composite number?
False
Suppose -42*f + 21985 = -37*f. Is f composite?
False
Suppose 0 = -4*o + 4, -5*v - 4*o + 42 = -7*o. Suppose v*w - 14*w = -2400. Suppose w = 4*d - 1028. Is d composite?
True
Let n(l) = -1405*l**3 - 5*l**2 + 3*l + 3. Is n(-2) a composite number?
True
Let y(m) = -19*m - 1. Let k = -3 - -5. Suppose -k*g - 10 = 3*g. Is y(g) prime?
True
Let y be (64/20)/(-2 - (-36)/15). Suppose -370 = -10*a + y*a. Is a a composite number?
True
Let n(f) = -2*f**2 + 12. Let o be n(3). Is (o - -656) + 0 + 5 composite?
True
Let f = 10231 + 7632. Is f a prime number?
True
Let u = 15 + -25. Let g = -12 - u. Is (167/g)/(10/(-20)) prime?
True
Let a be (-1511)/(-4) - 3/(-12). Let g = a - -35. Is g a composite number?
True
Suppose 0 = 4*k + 4*p + 397 + 251, 4*k + 5*p + 644 = 0. Let n be 4*-1 - -3 - k. Let d = n + -78. Is d a prime number?
False
Let x(p) = p - 1. Let c(i) = -7*i**3 + i**2 + i. Let r(b) = -c(b) + 6*x(b). Is r(4) prime?
False
Suppose 4*j - 141 = j. Suppose j*u - 45*u - 138 = 0. Is u a composite number?
True
Suppose 4*t - 4*r = r + 459, 3*t = r + 336. Suppose 17*o = 18*o - t. Is o composite?
True
Let v = 6292 + 1731. Is v composite?
True
Let s = 15 - 10. Suppose 4*p = 2*p - x, 0 = 3*p + s*x + 14. Suppose g - 39 + p = 0. Is g a composite number?
False
Let q = -76 + 99. Let v = q + 46. Is v a composite number?
True
Let c = -12 + 9. Let k be c/(12/(-9) - -1). Is k/(36/(-8)) - -417 a prime number?
False
Let h = 5797 - -5538. Is h composite?
True
Let b = -210 - -842. Suppose 4*f - b = -4*y + 440, 3*y = -f + 260. Let k = f - 85. Is k composite?
True
Suppose 1850846 + 2288594 = 80*j. Is j composite?
True
Let p be -2*(6/(-4) + 0). Let i(f) = f**3 - 18 + 17 + 0*f - 4*f - 2*f**3 - p*f**2. Is i(-6) a prime number?
True
Let r(w) = -4 + 194*w**2 + 2*w + 0 + 0*w + 2. Is r(1) prime?
False
Suppose 4*x - 69 = 275. Suppose x = q + 15. Is q prime?
True
Suppose 4019 = 3*g - 2*o, -3*g + 8*o = 3*o - 4031. Is g a composite number?
True
Suppose 39*i - 19*i - 23820 = 0. Is i a prime number?
False
Suppose -5*y = 4*y + 3*y. Is 764*(1/(-2))/(y - 1) prime?
False
Let y(d) be the third derivative of 25*d**4/12 - 4*d**2. Let q be y(-1). Let o = q - -117. Is o a prime number?
True
Let y be 3/9 - 14/(-3). Suppose 0 = -5*z + y*m + 690 + 625, 4*m = 3*z - 793. Is z a prime number?
False
Suppose 2*p - 9810 = -3*p. Is (22/4)/(9/p) a composite number?
True
Suppose 4 = w, 7*w - 1248 = -n + 3*w. Let y = n - 489. Is y a composite number?
False
Let i(c) = 717*c**2 + 51*c + 5. Is i(5) prime?
False
Let z = 885 + 752. Is z prime?
True
Let x(c) = 8*c**2 - 17*c - 49. Suppose 3*d + 30 = 4*z, -16 = 2*d + z + 15. Is x(d) composite?
True
Suppose 5*v + 4*g = 8*v - 407, 137 = v - 2*g. Is v composite?
True
Let o(k) = k**3 + 4*k**2 - 7*k + 9. Let i be (24/20)/((-4)/(-10)). Suppose -4 = x - 5*v, -i*x + 5*v + 0*v = -8. Is o(x) a composite number?
True
Suppose 3*g + 3 = 4*g + 2*y, -3*g + 2*y + 9 = 0. Suppose 150 + 28 = g*p - 5*b, 3*b = -p + 78. Is (-1 - (1 - p)) + 1 prime?
False
Let q be 6/4*102/9. Suppose -207 = 4*o + q. Let l = o - -113. Is l composite?
True
Let d(a) be the second derivative of -a**5/20 - a**4/2 - 19*a**3/6 + 3*a**2/2 + 15*a. Is d(-14) prime?
False
Suppose -7*s = -9233 - 10668. Is s a prime number?
True
Suppose -3*g = r - 1034524, 1955454 = 5*g + 6*r + 23126